s 1152 a multiple of 12?
True
Does 83 divide 498?
True
Is 5 a factor of 21195?
True
Is 9019 a multiple of 29?
True
Does 204 divide 22926?
False
Is 8 a factor of 23390?
False
Is 15 a factor of 703?
False
Is 1740 a multiple of 33?
False
Does 15 divide 1281?
False
Does 30 divide 14250?
True
Does 27 divide 44?
False
Does 30 divide 7682?
False
Is 11 a factor of 869?
True
Is 6605 a multiple of 98?
False
Is 78 a multiple of 26?
True
Does 16 divide 255?
False
Does 25 divide 2599?
False
Is 8 a factor of 8360?
True
Is 40 a factor of 44320?
True
Is 32 a factor of 1065?
False
Does 161 divide 3507?
False
Is 4 a factor of 9540?
True
Does 59 divide 6726?
True
Is 27 a factor of 8013?
False
Is 26 a factor of 8003?
False
Does 12 divide 2085?
False
Is 8 a factor of 4288?
True
Does 17 divide 150304?
False
Does 26 divide 648?
False
Does 15 divide 3135?
True
Does 18 divide 542?
False
Is 7 a factor of 3314?
False
Is 324 a multiple of 18?
True
Does 3 divide 146?
False
Is 655 a multiple of 6?
False
Is 12006 a multiple of 48?
False
Is 836 a multiple of 11?
True
Is 72 a multiple of 18?
True
Is 18160 a multiple of 40?
True
Is 55 a factor of 3422?
False
Is 21 a factor of 22034?
False
Is 54 a factor of 2214?
True
Is 37 a factor of 962?
True
Is 75412 a multiple of 177?
False
Is 23 a factor of 184?
True
Does 44 divide 9944?
True
Is 8 a factor of 19693?
False
Is 6424 a multiple of 188?
False
Does 6 divide 3281?
False
Does 97 divide 20855?
True
Is 14 a factor of 26689?
False
Is 5 a factor of 441?
False
Is 12868 a multiple of 13?
False
Is 14280 a multiple of 6?
True
Is 311 a multiple of 10?
False
Does 33 divide 924?
True
Is 2 a factor of 107?
False
Is 22531 a multiple of 40?
False
Does 141 divide 114484?
False
Does 15 divide 390?
True
Is 165 a multiple of 4?
False
Is 27 a factor of 30699?
True
Is 8848 a multiple of 20?
False
Is 144 a factor of 3024?
True
Is 11040 a multiple of 15?
True
Does 21 divide 1164?
False
Does 8 divide 176?
True
Is 123 a factor of 4674?
True
Does 53 divide 973?
False
Is 4 a factor of 4?
True
Does 53 divide 1007?
True
Is 51 a factor of 4131?
True
Is 41 a factor of 1015?
False
Is 50 a factor of 2100?
True
Is 28 a factor of 7118?
False
Is 970 a multiple of 7?
False
Is 160 a multiple of 6?
False
Does 4 divide 520?
True
Is 11 a factor of 3828?
True
Does 118 divide 17582?
True
Is 4416 a multiple of 16?
True
Does 13 divide 773?
False
Is 1386 a multiple of 21?
True
Does 336 divide 25536?
True
Is 7 a factor of 4745?
False
Is 420 a multiple of 35?
True
Is 1100 a multiple of 22?
True
Does 5 divide 5325?
True
Is 617 a multiple of 22?
False
Is 11853 a multiple of 25?
False
Is 16164 a multiple of 7?
False
Does 46 divide 598?
True
Is 30160 a multiple of 26?
True
Is 7 a factor of 308?
True
Does 22 divide 8174?
False
Is 7 a factor of 161?
True
Does 29 divide 2871?
True
Does 26 divide 24763?
False
Is 64 a factor of 3755?
False
Is 97 a factor of 1804?
False
Is 18 a factor of 2818?
False
Does 29 divide 5932?
False
Is 3975 a multiple of 6?
False
Is 1032 a multiple of 344?
True
Is 1422 a multiple of 40?
False
Does 21 divide 1277?
False
Is 36 a factor of 5148?
True
Is 29 a factor of 2900?
True
Is 40 a factor of 2320?
True
Does 12 divide 670?
False
Does 16 divide 19768?
False
Is 21 a factor of 1520?
False
Does 3 divide 51?
True
Is 960 a multiple of 6?
True
Is 4067 a multiple of 25?
False
Does 13 divide 247?
True
Is 53 a factor of 26893?
False
Is 51 a factor of 17697?
True
Is 204 a multiple of 12?
True
Does 13 divide 1822?
False
Is 43 a factor of 126418?
False
Is 14 a factor of 2326?
False
Does 29 divide 11281?
True
Is 148 a factor of 12008?
False
Is 419 a multiple of 10?
False
Does 5 divide 3169?
False
Is 45884 a multiple of 39?
False
Is 3 a factor of 34100?
False
Is 5880 a multiple of 32?
False
Is 21777 a multiple of 51?
True
Is 741 a multiple of 19?
True
Is 692 a multiple of 20?
False
Does 2 divide 157?
False
Does 6 divide 1002?
True
Does 8 divide 517?
False
Does 73 divide 2368?
False
Is 128 a factor of 72703?
False
Is 37 a factor of 606?
False
Does 7 divide 1043?
True
Does 50 divide 1485?
False
Is 4911 a multiple of 50?
False
Is 16 a factor of 12032?
True
Is 71474 a multiple of 26?
True
Is 8680 a multiple of 40?
True
Does 45 divide 3420?
True
Is 14 a factor of 831?
False
Does 28 divide 15148?
True
Is 19002 a multiple of 26?
False
Does 72 divide 2448?
True
Does 11 divide 3534?
False
Does 5 divide 2841?
False
Is 331 a multiple of 18?
False
Does 4 divide 3388?
True
Does 44 divide 1144?
True
Does 22 divide 5860?
False
Is 28 a factor of 5991?
False
Is 30 a factor of 44400?
True
Does 7 divide 4930?
False
Does 30 divide 5750?
False
Is 25 a factor of 37200?
True
Is 265 a multiple of 11?
False
Does 220 divide 49749?
False
Does 71 divide 5609?
True
Does 33 divide 429?
True
Does 18 divide 941?
False
Is 16 a factor of 3888?
True
Is 1036 a multiple of 14?
True
Is 21256 a multiple of 14?
False
Is 3 a factor of 792?
True
Does 99 divide 38808?
True
Does 6 divide 310?
False
Is 2976 a multiple of 31?
True
Does 34 divide 44710?
True
Is 34 a factor of 24480?
True
Is 34 a factor of 2312?
True
Does 71 divide 5260?
False
Does 74 divide 28879?
False
Does 84 divide 43596?
True
Is 5 a factor of 329?
False
Is 11 a factor of 82?
False
Is 1961 a multiple of 22?
False
Is 619 a multiple of 68?
False
Is 1416 a multiple of 8?
True
Is 4256 a multiple of 56?
True
Does 6 divide 4518?
True
Is 18 a factor of 65196?
True
Does 13 divide 845?
True
Is 20 a factor of 68036?
False
Does 5 divide 363?
False
Does 6 divide 245?
False
Is 756 a multiple of 42?
True
Is 1369 a multiple of 17?
False
Is 9 a factor of 1861?
False
Is 10 a factor of 8678?
False
Is 106 a factor of 5780?
False
Is 7 a factor of 4865?
True
Is 45 a factor of 6355?
False
Is 3712 a multiple of 128?
True
Is 28 a factor of 21828?
False
Does 165 divide 10768?
False
Is 6 a factor of 2709?
False
Does 4 divide 3228?
True
Does 9 divide 18?
True
Does 3 divide 8?
False
Is 64 a factor of 803?
False
Does 9 divide 1179?
True
Does 238 divide 69110?
False
Does 8 divide 1436?
False
Does 2 divide 606?
True
Is 2466 even?
True
Does 6 divide 4524?
True
Does 99 divide 68585?
False
Does 9 divide 54665?
False
Is 11165 a multiple of 77?
True
Does 52 divide 13397?
False
Is 28 a factor of 1064?
True
Is 153 a multiple of 9?
True
Is 15 a factor of 735?
True
Is 4 a factor of 2182?
False
Is 35 a factor of 490?
True
Is 16857 a multiple of 9?
True
Is 8 a factor of 123?
False
Is 393 a factor of 9680?
False
Is 54 a factor of 9936?
True
Is 1273 a multiple of 33?
False
Is 328 a factor of 23288?
True
Is 1020 a multiple of 68?
True
Does 220 divide 3520?
True
Is 462 a multiple of 21?
True
Is 16 a factor of 688?
True
Is 1548 a multiple of 18?
True
Is 54 a factor of 3262?
False
Is 3078 a multiple of 38?
True
Is 65 a factor of 22945?
True
Is 27 a factor of 405?
True
Is 7 a factor of 50?
False
Is 5624 a multiple of 48?
False
Is 12870 a multiple of 7?
False
Does 60 divide 5640?
True
Does 15 divide 30?
True
Does 9 divide 2349?
True
Is 1681 a multiple of 27?
False
Is 25737 a multiple of 69?
True
Does 104 divide 7117?
False
Is 2531 a multiple of 94?
False
Does 4 divide 540?
True
Is 10696 a multiple of 14?
True
Is 39 a factor of 256?
False
Is 12 a factor of 78?
False
Does 17 divide 25703?
False
Does 41 divide 9036?
False
Is 12 a factor of 131?
False
Is 38 a factor of 5092?
True
Is 2607 a multiple of 11?
True
Is 85005 a multiple of 9?
True
Is 48 a factor of 566?
False
Is 10243 a multiple of 74?
False
Is 19056 a multiple of 4?
True
Is 1066 a multiple of 13?
True
Is 3690 a multiple of 9?
True
Is 16 a factor of 10752?
True
Does 63 divide 9853?
False
Is 44 a factor of 2973?
False
Is 116 a multiple of 6?
False
Does 127 divide 83274?
False
Is 1075 a multiple of 43?
True
Is 5 a factor of 333?
False
Does 12 divide 228?
True
Is 94 a factor of 2444?
True
Is 114509 a multiple of 14?
False
Is 67 a factor of 1286?
False
Is 86 a factor of 3296?
False
Is 110 a factor of 83050?
True
Is 11 a factor of 9335?
False
Does 3 divide 2190?
True
Is 157 a factor of 8478?
True
Is 8 a factor of 230?
False
Is 57 a factor of 798?
True
Is 404 a multiple of 58?
False
Is 4 a factor of 3868?
True
Is 472 a multiple of 38?
False
Is 13 a factor of 871?
True
Is 85746 a multiple of 64?
False
Is 53 a factor of 265?
True
Does 24 divide 